{"id":1138,"date":"2023-05-06T12:50:31","date_gmt":"2023-05-06T12:50:31","guid":{"rendered":"http:\/\/stannahof.at\/?page_id=1138"},"modified":"2024-03-25T06:30:28","modified_gmt":"2024-03-25T06:30:28","slug":"tiere-am-hof","status":"publish","type":"page","link":"http:\/\/stannahof.at\/index.php\/tiere-am-hof\/","title":{"rendered":"TIERE AM HOF"},"content":{"rendered":"\n<div style=\"height:53px\" aria-hidden=\"true\" class=\"wp-block-spacer\"><\/div>\n\n\n\n<div class=\"wp-block-columns is-layout-flex wp-container-core-columns-layout-1 wp-block-columns-is-layout-flex\">\n<div class=\"wp-block-column is-layout-flow wp-block-column-is-layout-flow\">\n<p><\/p>\n\n\n\n<h2 class=\"wp-block-heading\"><strong>Pferdegl\u00fcck<\/strong> <\/h2>\n\n\n\n<p><\/p>\n\n\n\n<p>Auf unserem Bio-Bauernhof sind verschiedenste Pferderassen zuhause: Tinker, Quarter Horse, Haflinger. Auch zwei Denkhengste, ein Shagya Araber und ein Irish Tinker, leben am Hof. <\/p>\n\n\n\n<p>Schnupperreiten und Reitstunden werden mit Lisbeth am Hof vereinbart. <\/p>\n<\/div>\n\n\n\n<div class=\"wp-block-column is-layout-flow wp-block-column-is-layout-flow\">\n<div class=\"wp-block-jetpack-slideshow aligncenter\" data-autoplay=\"true\" data-delay=\"3\" data-effect=\"slide\"><div class=\"wp-block-jetpack-slideshow_container swiper-container\"><ul class=\"wp-block-jetpack-slideshow_swiper-wrapper swiper-wrapper\"><li class=\"wp-block-jetpack-slideshow_slide swiper-slide\"><figure><img loading=\"lazy\" decoding=\"async\" width=\"1739\" height=\"1740\" alt=\"\" class=\"wp-block-jetpack-slideshow_image wp-image-1141\" data-id=\"1141\" src=\"http:\/\/stannahof.at\/wp-content\/uploads\/2023\/05\/DSC3456-edited.jpeg\" srcset=\"http:\/\/stannahof.at\/wp-content\/uploads\/2023\/05\/DSC3456-edited.jpeg 1739w, http:\/\/stannahof.at\/wp-content\/uploads\/2023\/05\/DSC3456-edited-300x300.jpeg 300w, http:\/\/stannahof.at\/wp-content\/uploads\/2023\/05\/DSC3456-edited-1024x1024.jpeg 1024w, http:\/\/stannahof.at\/wp-content\/uploads\/2023\/05\/DSC3456-edited-150x150.jpeg 150w, http:\/\/stannahof.at\/wp-content\/uploads\/2023\/05\/DSC3456-edited-768x768.jpeg 768w, http:\/\/stannahof.at\/wp-content\/uploads\/2023\/05\/DSC3456-edited-1536x1536.jpeg 1536w, http:\/\/stannahof.at\/wp-content\/uploads\/2023\/05\/DSC3456-edited-1140x1141.jpeg 1140w, http:\/\/stannahof.at\/wp-content\/uploads\/2023\/05\/DSC3456-edited-75x75.jpeg 75w\" sizes=\"(max-width: 1739px) 100vw, 1739px\" \/><\/figure><\/li><li class=\"wp-block-jetpack-slideshow_slide swiper-slide\"><figure><img loading=\"lazy\" decoding=\"async\" width=\"2560\" height=\"1707\" alt=\"\" class=\"wp-block-jetpack-slideshow_image wp-image-1446\" data-id=\"1446\" src=\"http:\/\/stannahof.at\/wp-content\/uploads\/2023\/06\/DSC4208-scaled.jpeg\" srcset=\"http:\/\/stannahof.at\/wp-content\/uploads\/2023\/06\/DSC4208-scaled.jpeg 2560w, http:\/\/stannahof.at\/wp-content\/uploads\/2023\/06\/DSC4208-300x200.jpeg 300w, http:\/\/stannahof.at\/wp-content\/uploads\/2023\/06\/DSC4208-1024x683.jpeg 1024w, http:\/\/stannahof.at\/wp-content\/uploads\/2023\/06\/DSC4208-768x512.jpeg 768w, http:\/\/stannahof.at\/wp-content\/uploads\/2023\/06\/DSC4208-1536x1024.jpeg 1536w, http:\/\/stannahof.at\/wp-content\/uploads\/2023\/06\/DSC4208-2048x1366.jpeg 2048w, http:\/\/stannahof.at\/wp-content\/uploads\/2023\/06\/DSC4208-1140x760.jpeg 1140w\" sizes=\"(max-width: 2560px) 100vw, 2560px\" \/><\/figure><\/li><li class=\"wp-block-jetpack-slideshow_slide swiper-slide\"><figure><img loading=\"lazy\" decoding=\"async\" width=\"2560\" height=\"1707\" alt=\"\" class=\"wp-block-jetpack-slideshow_image wp-image-1447\" data-id=\"1447\" src=\"http:\/\/stannahof.at\/wp-content\/uploads\/2023\/06\/DSC4183-scaled.jpeg\" srcset=\"http:\/\/stannahof.at\/wp-content\/uploads\/2023\/06\/DSC4183-scaled.jpeg 2560w, http:\/\/stannahof.at\/wp-content\/uploads\/2023\/06\/DSC4183-300x200.jpeg 300w, http:\/\/stannahof.at\/wp-content\/uploads\/2023\/06\/DSC4183-1024x683.jpeg 1024w, http:\/\/stannahof.at\/wp-content\/uploads\/2023\/06\/DSC4183-768x512.jpeg 768w, http:\/\/stannahof.at\/wp-content\/uploads\/2023\/06\/DSC4183-1536x1024.jpeg 1536w, http:\/\/stannahof.at\/wp-content\/uploads\/2023\/06\/DSC4183-2048x1366.jpeg 2048w, http:\/\/stannahof.at\/wp-content\/uploads\/2023\/06\/DSC4183-1140x760.jpeg 1140w\" sizes=\"(max-width: 2560px) 100vw, 2560px\" \/><\/figure><\/li><li class=\"wp-block-jetpack-slideshow_slide swiper-slide\"><figure><img loading=\"lazy\" decoding=\"async\" width=\"2560\" height=\"1707\" alt=\"\" class=\"wp-block-jetpack-slideshow_image wp-image-1448\" data-id=\"1448\" src=\"http:\/\/stannahof.at\/wp-content\/uploads\/2023\/06\/DSC4165-2-scaled.jpeg\" srcset=\"http:\/\/stannahof.at\/wp-content\/uploads\/2023\/06\/DSC4165-2-scaled.jpeg 2560w, http:\/\/stannahof.at\/wp-content\/uploads\/2023\/06\/DSC4165-2-300x200.jpeg 300w, http:\/\/stannahof.at\/wp-content\/uploads\/2023\/06\/DSC4165-2-1024x683.jpeg 1024w, http:\/\/stannahof.at\/wp-content\/uploads\/2023\/06\/DSC4165-2-768x512.jpeg 768w, http:\/\/stannahof.at\/wp-content\/uploads\/2023\/06\/DSC4165-2-1536x1024.jpeg 1536w, http:\/\/stannahof.at\/wp-content\/uploads\/2023\/06\/DSC4165-2-2048x1366.jpeg 2048w, http:\/\/stannahof.at\/wp-content\/uploads\/2023\/06\/DSC4165-2-1140x760.jpeg 1140w\" sizes=\"(max-width: 2560px) 100vw, 2560px\" \/><\/figure><\/li><li class=\"wp-block-jetpack-slideshow_slide swiper-slide\"><figure><img loading=\"lazy\" decoding=\"async\" width=\"2000\" height=\"2001\" alt=\"\" class=\"wp-block-jetpack-slideshow_image wp-image-1120\" data-id=\"1120\" src=\"http:\/\/stannahof.at\/wp-content\/uploads\/2023\/05\/neu-edited-1.jpg\" srcset=\"http:\/\/stannahof.at\/wp-content\/uploads\/2023\/05\/neu-edited-1.jpg 2000w, http:\/\/stannahof.at\/wp-content\/uploads\/2023\/05\/neu-edited-1-300x300.jpg 300w, http:\/\/stannahof.at\/wp-content\/uploads\/2023\/05\/neu-edited-1-1024x1024.jpg 1024w, http:\/\/stannahof.at\/wp-content\/uploads\/2023\/05\/neu-edited-1-150x150.jpg 150w, http:\/\/stannahof.at\/wp-content\/uploads\/2023\/05\/neu-edited-1-768x768.jpg 768w, http:\/\/stannahof.at\/wp-content\/uploads\/2023\/05\/neu-edited-1-1536x1536.jpg 1536w, http:\/\/stannahof.at\/wp-content\/uploads\/2023\/05\/neu-edited-1-1140x1141.jpg 1140w, http:\/\/stannahof.at\/wp-content\/uploads\/2023\/05\/neu-edited-1-75x75.jpg 75w\" sizes=\"(max-width: 2000px) 100vw, 2000px\" \/><\/figure><\/li><li class=\"wp-block-jetpack-slideshow_slide swiper-slide\"><figure><img loading=\"lazy\" decoding=\"async\" width=\"2560\" height=\"1707\" alt=\"\" class=\"wp-block-jetpack-slideshow_image wp-image-14\" data-id=\"14\" src=\"http:\/\/stannahof.at\/wp-content\/uploads\/2023\/04\/DSC3450-scaled.jpg\" srcset=\"http:\/\/stannahof.at\/wp-content\/uploads\/2023\/04\/DSC3450-scaled.jpg 2560w, http:\/\/stannahof.at\/wp-content\/uploads\/2023\/04\/DSC3450-300x200.jpg 300w, http:\/\/stannahof.at\/wp-content\/uploads\/2023\/04\/DSC3450-1024x683.jpg 1024w, http:\/\/stannahof.at\/wp-content\/uploads\/2023\/04\/DSC3450-768x512.jpg 768w, http:\/\/stannahof.at\/wp-content\/uploads\/2023\/04\/DSC3450-1536x1024.jpg 1536w, http:\/\/stannahof.at\/wp-content\/uploads\/2023\/04\/DSC3450-2048x1365.jpg 2048w, http:\/\/stannahof.at\/wp-content\/uploads\/2023\/04\/DSC3450-1140x760.jpg 1140w\" sizes=\"(max-width: 2560px) 100vw, 2560px\" \/><\/figure><\/li><li class=\"wp-block-jetpack-slideshow_slide swiper-slide\"><figure><img loading=\"lazy\" decoding=\"async\" width=\"2560\" height=\"1707\" alt=\"\" class=\"wp-block-jetpack-slideshow_image wp-image-1574\" data-id=\"1574\" src=\"http:\/\/stannahof.at\/wp-content\/uploads\/2024\/03\/DSC4503-scaled.jpeg\" srcset=\"http:\/\/stannahof.at\/wp-content\/uploads\/2024\/03\/DSC4503-scaled.jpeg 2560w, http:\/\/stannahof.at\/wp-content\/uploads\/2024\/03\/DSC4503-300x200.jpeg 300w, http:\/\/stannahof.at\/wp-content\/uploads\/2024\/03\/DSC4503-1024x683.jpeg 1024w, http:\/\/stannahof.at\/wp-content\/uploads\/2024\/03\/DSC4503-768x512.jpeg 768w, http:\/\/stannahof.at\/wp-content\/uploads\/2024\/03\/DSC4503-1536x1024.jpeg 1536w, http:\/\/stannahof.at\/wp-content\/uploads\/2024\/03\/DSC4503-2048x1366.jpeg 2048w, http:\/\/stannahof.at\/wp-content\/uploads\/2024\/03\/DSC4503-1140x760.jpeg 1140w\" sizes=\"(max-width: 2560px) 100vw, 2560px\" \/><\/figure><\/li><\/ul><a class=\"wp-block-jetpack-slideshow_button-prev swiper-button-prev swiper-button-white\" role=\"button\"><\/a><a class=\"wp-block-jetpack-slideshow_button-next swiper-button-next swiper-button-white\" role=\"button\"><\/a><a aria-label=\"Pause Slideshow\" class=\"wp-block-jetpack-slideshow_button-pause\" role=\"button\"><\/a><div class=\"wp-block-jetpack-slideshow_pagination swiper-pagination swiper-pagination-white\"><\/div><\/div><\/div>\n<\/div>\n<\/div>\n\n\n\n<div style=\"height:71px\" aria-hidden=\"true\" class=\"wp-block-spacer\"><\/div>\n\n\n\n<div class=\"wp-block-columns is-layout-flex wp-container-core-columns-layout-2 wp-block-columns-is-layout-flex\">\n<div class=\"wp-block-column is-layout-flow wp-block-column-is-layout-flow\" style=\"flex-basis:66.66%\">\n<div class=\"wp-block-jetpack-slideshow aligncenter\" data-autoplay=\"true\" data-delay=\"3\" data-effect=\"slide\"><div class=\"wp-block-jetpack-slideshow_container swiper-container\"><ul class=\"wp-block-jetpack-slideshow_swiper-wrapper swiper-wrapper\"><li class=\"wp-block-jetpack-slideshow_slide swiper-slide\"><figure><img loading=\"lazy\" decoding=\"async\" width=\"2560\" height=\"2560\" alt=\"\" class=\"wp-block-jetpack-slideshow_image wp-image-1142\" data-id=\"1142\" src=\"http:\/\/stannahof.at\/wp-content\/uploads\/2023\/05\/Nanukgruenjpeg-edited-scaled.jpeg\" srcset=\"http:\/\/stannahof.at\/wp-content\/uploads\/2023\/05\/Nanukgruenjpeg-edited-scaled.jpeg 2560w, http:\/\/stannahof.at\/wp-content\/uploads\/2023\/05\/Nanukgruenjpeg-edited-300x300.jpeg 300w, http:\/\/stannahof.at\/wp-content\/uploads\/2023\/05\/Nanukgruenjpeg-edited-1024x1024.jpeg 1024w, http:\/\/stannahof.at\/wp-content\/uploads\/2023\/05\/Nanukgruenjpeg-edited-150x150.jpeg 150w, http:\/\/stannahof.at\/wp-content\/uploads\/2023\/05\/Nanukgruenjpeg-edited-768x768.jpeg 768w, http:\/\/stannahof.at\/wp-content\/uploads\/2023\/05\/Nanukgruenjpeg-edited-1536x1536.jpeg 1536w, http:\/\/stannahof.at\/wp-content\/uploads\/2023\/05\/Nanukgruenjpeg-edited-2048x2048.jpeg 2048w, http:\/\/stannahof.at\/wp-content\/uploads\/2023\/05\/Nanukgruenjpeg-edited-1140x1140.jpeg 1140w, http:\/\/stannahof.at\/wp-content\/uploads\/2023\/05\/Nanukgruenjpeg-edited-75x75.jpeg 75w\" sizes=\"(max-width: 2560px) 100vw, 2560px\" \/><\/figure><\/li><li class=\"wp-block-jetpack-slideshow_slide swiper-slide\"><figure><img loading=\"lazy\" decoding=\"async\" width=\"1707\" height=\"2560\" alt=\"\" class=\"wp-block-jetpack-slideshow_image wp-image-1251\" data-id=\"1251\" src=\"http:\/\/stannahof.at\/wp-content\/uploads\/2023\/05\/DSC4492-scaled.jpeg\" srcset=\"http:\/\/stannahof.at\/wp-content\/uploads\/2023\/05\/DSC4492-scaled.jpeg 1707w, http:\/\/stannahof.at\/wp-content\/uploads\/2023\/05\/DSC4492-200x300.jpeg 200w, http:\/\/stannahof.at\/wp-content\/uploads\/2023\/05\/DSC4492-683x1024.jpeg 683w, http:\/\/stannahof.at\/wp-content\/uploads\/2023\/05\/DSC4492-768x1152.jpeg 768w, http:\/\/stannahof.at\/wp-content\/uploads\/2023\/05\/DSC4492-1024x1536.jpeg 1024w, http:\/\/stannahof.at\/wp-content\/uploads\/2023\/05\/DSC4492-1366x2048.jpeg 1366w, http:\/\/stannahof.at\/wp-content\/uploads\/2023\/05\/DSC4492-1140x1710.jpeg 1140w\" sizes=\"(max-width: 1707px) 100vw, 1707px\" \/><\/figure><\/li><li class=\"wp-block-jetpack-slideshow_slide swiper-slide\"><figure><img loading=\"lazy\" decoding=\"async\" width=\"2560\" height=\"1707\" alt=\"\" class=\"wp-block-jetpack-slideshow_image wp-image-1257\" data-id=\"1257\" src=\"http:\/\/stannahof.at\/wp-content\/uploads\/2023\/05\/DSC4510-scaled.jpeg\" srcset=\"http:\/\/stannahof.at\/wp-content\/uploads\/2023\/05\/DSC4510-scaled.jpeg 2560w, http:\/\/stannahof.at\/wp-content\/uploads\/2023\/05\/DSC4510-300x200.jpeg 300w, http:\/\/stannahof.at\/wp-content\/uploads\/2023\/05\/DSC4510-1024x683.jpeg 1024w, http:\/\/stannahof.at\/wp-content\/uploads\/2023\/05\/DSC4510-768x512.jpeg 768w, http:\/\/stannahof.at\/wp-content\/uploads\/2023\/05\/DSC4510-1536x1024.jpeg 1536w, http:\/\/stannahof.at\/wp-content\/uploads\/2023\/05\/DSC4510-2048x1366.jpeg 2048w, http:\/\/stannahof.at\/wp-content\/uploads\/2023\/05\/DSC4510-1140x760.jpeg 1140w\" sizes=\"(max-width: 2560px) 100vw, 2560px\" \/><\/figure><\/li><li class=\"wp-block-jetpack-slideshow_slide swiper-slide\"><figure><img loading=\"lazy\" decoding=\"async\" width=\"2560\" height=\"1707\" alt=\"\" class=\"wp-block-jetpack-slideshow_image wp-image-1450\" data-id=\"1450\" src=\"http:\/\/stannahof.at\/wp-content\/uploads\/2023\/06\/DSC4506-scaled.jpeg\" srcset=\"http:\/\/stannahof.at\/wp-content\/uploads\/2023\/06\/DSC4506-scaled.jpeg 2560w, http:\/\/stannahof.at\/wp-content\/uploads\/2023\/06\/DSC4506-300x200.jpeg 300w, http:\/\/stannahof.at\/wp-content\/uploads\/2023\/06\/DSC4506-1024x683.jpeg 1024w, http:\/\/stannahof.at\/wp-content\/uploads\/2023\/06\/DSC4506-768x512.jpeg 768w, http:\/\/stannahof.at\/wp-content\/uploads\/2023\/06\/DSC4506-1536x1024.jpeg 1536w, http:\/\/stannahof.at\/wp-content\/uploads\/2023\/06\/DSC4506-2048x1366.jpeg 2048w, http:\/\/stannahof.at\/wp-content\/uploads\/2023\/06\/DSC4506-1140x760.jpeg 1140w\" sizes=\"(max-width: 2560px) 100vw, 2560px\" \/><\/figure><\/li><\/ul><a class=\"wp-block-jetpack-slideshow_button-prev swiper-button-prev swiper-button-white\" role=\"button\"><\/a><a class=\"wp-block-jetpack-slideshow_button-next swiper-button-next swiper-button-white\" role=\"button\"><\/a><a aria-label=\"Pause Slideshow\" class=\"wp-block-jetpack-slideshow_button-pause\" role=\"button\"><\/a><div class=\"wp-block-jetpack-slideshow_pagination swiper-pagination swiper-pagination-white\"><\/div><\/div><\/div>\n<\/div>\n\n\n\n<div class=\"wp-block-column is-layout-flow wp-block-column-is-layout-flow\" style=\"flex-basis:33.33%\">\n<p><\/p>\n\n\n\n<p><\/p>\n\n\n\n<h2 class=\"wp-block-heading\"><strong>Alpakazauber<\/strong><\/h2>\n\n\n\n<p><\/p>\n\n\n\n<p>Michi und Anna besitzen seit Juni 2021 Alpakas. Sie wurden von den niedlichen Wesen verzaubert.<\/p>\n\n\n\n<p>Du m\u00f6chtest deinem Alltag entfliehen und mitten in der unber\u00fchrten Natur Ruhe finden?<\/p>\n\n\n\n<p>Dann mach das mit einem Alpaka in der Hand.<\/p>\n\n\n\n<p><\/p>\n<\/div>\n<\/div>\n\n\n\n<div style=\"height:73px\" aria-hidden=\"true\" class=\"wp-block-spacer\"><\/div>\n\n\n\n<div class=\"wp-block-columns is-layout-flex wp-container-core-columns-layout-3 wp-block-columns-is-layout-flex\">\n<div class=\"wp-block-column is-layout-flow wp-block-column-is-layout-flow\">\n<p><\/p>\n\n\n\n<p><\/p>\n\n\n\n<h2 class=\"wp-block-heading\">Tierabenteuer<\/h2>\n\n\n\n<p>Bei den kleinsten Tieren die Gr\u00f6\u00dften sein. Unsere Tiere am Hof sorgen f\u00fcr kuschelige Pausen f\u00fcr kleine als auch f\u00fcr gro\u00dfe Entdecker.<\/p>\n<\/div>\n\n\n\n<div class=\"wp-block-column is-layout-flow wp-block-column-is-layout-flow\">\n<div class=\"wp-block-jetpack-slideshow aligncenter\" data-autoplay=\"true\" data-delay=\"3\" data-effect=\"slide\"><div class=\"wp-block-jetpack-slideshow_container swiper-container\"><ul class=\"wp-block-jetpack-slideshow_swiper-wrapper swiper-wrapper\"><li class=\"wp-block-jetpack-slideshow_slide swiper-slide\"><figure><img loading=\"lazy\" decoding=\"async\" width=\"683\" height=\"1024\" alt=\"\" class=\"wp-block-jetpack-slideshow_image wp-image-1451\" data-id=\"1451\" src=\"http:\/\/stannahof.at\/wp-content\/uploads\/2023\/06\/DSC4194-2-Kopie-683x1024.jpeg\" srcset=\"http:\/\/stannahof.at\/wp-content\/uploads\/2023\/06\/DSC4194-2-Kopie-683x1024.jpeg 683w, http:\/\/stannahof.at\/wp-content\/uploads\/2023\/06\/DSC4194-2-Kopie-200x300.jpeg 200w, http:\/\/stannahof.at\/wp-content\/uploads\/2023\/06\/DSC4194-2-Kopie-768x1152.jpeg 768w, http:\/\/stannahof.at\/wp-content\/uploads\/2023\/06\/DSC4194-2-Kopie-1024x1536.jpeg 1024w, http:\/\/stannahof.at\/wp-content\/uploads\/2023\/06\/DSC4194-2-Kopie-1366x2048.jpeg 1366w, http:\/\/stannahof.at\/wp-content\/uploads\/2023\/06\/DSC4194-2-Kopie-1140x1710.jpeg 1140w, http:\/\/stannahof.at\/wp-content\/uploads\/2023\/06\/DSC4194-2-Kopie-scaled.jpeg 1707w\" sizes=\"(max-width: 683px) 100vw, 683px\" \/><\/figure><\/li><li class=\"wp-block-jetpack-slideshow_slide swiper-slide\"><figure><img loading=\"lazy\" decoding=\"async\" width=\"683\" height=\"1024\" alt=\"\" class=\"wp-block-jetpack-slideshow_image wp-image-1452\" data-id=\"1452\" src=\"http:\/\/stannahof.at\/wp-content\/uploads\/2023\/06\/DSC4172-2-683x1024.jpeg\" srcset=\"http:\/\/stannahof.at\/wp-content\/uploads\/2023\/06\/DSC4172-2-683x1024.jpeg 683w, http:\/\/stannahof.at\/wp-content\/uploads\/2023\/06\/DSC4172-2-200x300.jpeg 200w, http:\/\/stannahof.at\/wp-content\/uploads\/2023\/06\/DSC4172-2-768x1152.jpeg 768w, http:\/\/stannahof.at\/wp-content\/uploads\/2023\/06\/DSC4172-2-1024x1536.jpeg 1024w, http:\/\/stannahof.at\/wp-content\/uploads\/2023\/06\/DSC4172-2-1366x2048.jpeg 1366w, http:\/\/stannahof.at\/wp-content\/uploads\/2023\/06\/DSC4172-2-1140x1710.jpeg 1140w, http:\/\/stannahof.at\/wp-content\/uploads\/2023\/06\/DSC4172-2-scaled.jpeg 1707w\" sizes=\"(max-width: 683px) 100vw, 683px\" \/><\/figure><\/li><\/ul><a class=\"wp-block-jetpack-slideshow_button-prev swiper-button-prev swiper-button-white\" role=\"button\"><\/a><a class=\"wp-block-jetpack-slideshow_button-next swiper-button-next swiper-button-white\" role=\"button\"><\/a><a aria-label=\"Pause Slideshow\" class=\"wp-block-jetpack-slideshow_button-pause\" role=\"button\"><\/a><div class=\"wp-block-jetpack-slideshow_pagination swiper-pagination swiper-pagination-white\"><\/div><\/div><\/div>\n<\/div>\n<\/div>\n","protected":false},"excerpt":{"rendered":"<p>Pferdegl\u00fcck Auf unserem Bio-Bauernhof sind verschiedenste Pferderassen zuhause: Tinker, Quarter Horse, Haflinger. Auch zwei Denkhengste, ein Shagya Araber und ein Irish Tinker, leben am Hof. Schnupperreiten und Reitstunden werden mit Lisbeth am Hof vereinbart. Alpakazauber Michi und Anna besitzen seit Juni 2021 Alpakas. Sie wurden von den niedlichen Wesen verzaubert. Du m\u00f6chtest deinem Alltag entfliehen und mitten in der unber\u00fchrten Natur Ruhe finden? Dann mach das mit einem Alpaka in der Hand. Tierabenteuer Bei den kleinsten Tieren die Gr\u00f6\u00dften sein. Unsere Tiere am Hof sorgen f\u00fcr kuschelige Pausen f\u00fcr kleine als auch f\u00fcr gro\u00dfe Entdecker.<\/p>\n","protected":false},"author":2,"featured_media":0,"parent":0,"menu_order":0,"comment_status":"closed","ping_status":"closed","template":"","meta":{"footnotes":""},"jetpack_sharing_enabled":true,"_links":{"self":[{"href":"http:\/\/stannahof.at\/index.php\/wp-json\/wp\/v2\/pages\/1138"}],"collection":[{"href":"http:\/\/stannahof.at\/index.php\/wp-json\/wp\/v2\/pages"}],"about":[{"href":"http:\/\/stannahof.at\/index.php\/wp-json\/wp\/v2\/types\/page"}],"author":[{"embeddable":true,"href":"http:\/\/stannahof.at\/index.php\/wp-json\/wp\/v2\/users\/2"}],"replies":[{"embeddable":true,"href":"http:\/\/stannahof.at\/index.php\/wp-json\/wp\/v2\/comments?post=1138"}],"version-history":[{"count":17,"href":"http:\/\/stannahof.at\/index.php\/wp-json\/wp\/v2\/pages\/1138\/revisions"}],"predecessor-version":[{"id":1575,"href":"http:\/\/stannahof.at\/index.php\/wp-json\/wp\/v2\/pages\/1138\/revisions\/1575"}],"wp:attachment":[{"href":"http:\/\/stannahof.at\/index.php\/wp-json\/wp\/v2\/media?parent=1138"}],"curies":[{"name":"wp","href":"https:\/\/api.w.org\/{rel}","templated":true}]}}